e -k = 2*k - h. What is the greatest common factor of k and 121?
11
Let t(q) = q + 4. Let s(j) = -9*j - 33. Let d(y) = -6*s(y) - 51*t(y). Let n be d(4). Let a be (11/5 + -1)*5. Calculate the highest common divisor of a and n.
6
Let h = 0 + 12. Let b = 46 + 86. Calculate the highest common factor of h and b.
12
Let s(f) = -f**3 - 6*f**2 + 6*f + 12. Let g be s(-7). What is the greatest common factor of 171 and g?
19
Suppose -3*g + 6*g + 6 = -3*q, -3*q + 3*g = 0. Let d(u) = -4*u. Let s be d(q). Calculate the greatest common divisor of 4 and s.
4
Let l be 27/(-12) + (-1)/(-4). Let g be (-7)/l*(-1 - -3). Calculate the greatest common divisor of 56 and g.
7
Suppose 2*a = w + 2*w - 13, 0 = -a - w + 6. What is the greatest common divisor of 5 and a?
1
Suppose -95 = -12*o + 7*o. Suppose -y - 4*m = -o - 4, 0 = 3*y - 2*m + 1. What is the highest common divisor of y and 3?
3
Let l = 4 + -1. Suppose 0 = m - l*m - 6. Let s be -2 + (0 - -23) + m. Calculate the greatest common divisor of 144 and s.
18
Let k(u) = -4*u + 3. Let b be k(-4). Let v be 17/4 - (-1)/(-4). Suppose -y = -4*y - 5*o + 270, -v*y - 4*o = -368. What is the greatest common factor of b and y?
19
Let x(l) = l**3 + 5*l**2 - 9. Let m be x(-3). What is the greatest common divisor of m and 198?
9
Let h(m) be the first derivative of -1/3*m**3 + 4 + 0*m**2 + 72*m. Let s be h(0). What is the greatest common divisor of 9 and s?
9
Suppose b - 27 = -14. What is the highest common divisor of b and 117?
13
Let q be (399/6)/(2/4). Suppose -t = -2*r - 5 - 16, -5*r + 14 = t. Calculate the greatest common divisor of t and q.
19
Suppose -30 = 2*w - 8*w. Calculate the greatest common divisor of w and 45.
5
Let t = -171 + 196. Let d be (20/(-6))/((-2)/6). Calculate the greatest common divisor of d and t.
5
Let y = 6 - 4. Let w = -38 + 40. Calculate the greatest common divisor of y and w.
2
Let c = -62 - -121. Suppose c = 5*l - 91. What is the greatest common divisor of 20 and l?
10
Let z(g) = -2*g - 4. Let w be z(-4). What is the highest common divisor of 128 and w?
4
Let c(v) = -v**2 - 5*v + 4. Let u be c(-6). Let n = 0 - u. Suppose -18 = -2*s + 3*w, 30 + 8 = 5*s - 4*w. Calculate the greatest common divisor of n and s.
2
Suppose 2 = -a + 12. Suppose 0 = 5*m + 4*r - 180, -3*r - 81 = -m - 26. What is the highest common factor of a and m?
10
Suppose -4*n + 7 = -3*n - 3*c, -n = -4*c - 10. Let o be (220/16)/(n/(-8)). What is the greatest common divisor of o and 5?
5
Suppose -4*h = 4*p - 4, 0 = 4*h + 6*p - 3*p. Let f = 1 - h. Suppose f*u - 12 = 4. What is the greatest common divisor of u and 36?
4
Suppose -4*j + 40 = j. Suppose -m = m - j. Calculate the greatest common divisor of m and 4.
4
Let x(o) = o**2 + 4*o + 9. Let y be x(-6). Let z be (-46)/6 - (-8)/12. Let d = z + y. What is the highest common factor of d and 98?
14
Let s be 1/3 - (-56)/12. Let u = s + 11. Calculate the highest common divisor of 64 and u.
16
Let n be (0 - 1)/(1/(-3)). Calculate the greatest common divisor of n and 15.
3
Suppose 0 = -2*x - 3*x - 10. Let r be x + 7 + -1 + -1. Suppose 0 = -3*j + 2*p - r*p + 25, -4*j + 4*p = -28. What is the greatest common factor of j and 8?
8
Let v(f) = f**2 + 16*f + 14. Let r be v(-16). Calculate the greatest common divisor of 28 and r.
14
Suppose 0 = 2*q + 2*q - 12. Suppose -4*u + q*u + 32 = 0. Let r = 5 - -3. What is the greatest common divisor of u and r?
8
Let t be 0 + (100 - (0 - -2)). Calculate the greatest common divisor of t and 14.
14
Let x be -1*(-1)/2*0. Suppose 0 = 2*r + 5*b - 23 - 4, 2*r - 3*b - 19 = x. Let d be (1 + -1)*-1 - -99. Calculate the greatest common factor of d and r.
11
Let l = 3 - 5. Let d = l - -3. What is the highest common divisor of 9 and d?
1
Let w = 66 + -36. Let p be (-133)/(-9) + 4/18. Calculate the highest common divisor of p and w.
15
Let s be (-227)/(-9) - (-5)/((-90)/4). What is the highest common factor of s and 200?
25
Let i(r) = -5*r**3 + r**2 - 5*r - 6. Let z be i(-4). Suppose 4*v = -v + z. Suppose -v = -j - j. What is the greatest common divisor of 14 and j?
7
Suppose 9*m + 213 - 573 = 0. Calculate the greatest common factor of 8 and m.
8
Let l = -110 + 159. Suppose -m = -3*m + 14. Calculate the greatest common factor of l and m.
7
Let q = 34 + -18. Let t(z) be the second derivative of 175*z**4/12 + z**3/2 - z**2 + 4*z. Let c be t(1). Calculate the greatest common divisor of q and c.
16
Suppose -5*h + 130 = -25. Calculate the greatest common factor of h and 124.
31
Suppose 174 = -2*a - a. Let f be 1 - a/(2 - 0). What is the highest common divisor of f and 10?
10
Suppose 3*c + 2*f - 3 = f, -2*c + 2 = 3*f. Suppose 0 + 3 = 3*q + 2*g, 3*q + 5*g = -6. What is the highest common divisor of q and c?
1
Let z = 25 + 108. Calculate the greatest common divisor of 19 and z.
19
Suppose -3*x + 6*x - 4*s - 19 = 0, -17 = -3*x + 2*s. Suppose 89 + 46 = 3*j. Calculate the highest common factor of x and j.
5
Suppose 129 = 5*a - 146. Calculate the highest common factor of 22 and a.
11
Let o(l) = l**2 + 3*l. Let j be o(3). Suppose -m + j = -0*m. What is the greatest common divisor of m and 9?
9
Let s = 9 - 14. Let z = s - -7. Let w(v) = -v**2 - 6*v - 4. Let c be w(-4). Calculate the greatest common divisor of c and z.
2
Let x(z) = -2 - z + 2*z**3 - 4*z**2 + 4 + 2*z. Let r be x(3). Suppose -v = -0*l - 2*l - r, -l = -2*v + 49. Calculate the highest common factor of 5 and v.
5
Let r(l) = -8 + 3*l - 8*l + 9*l**2 - l**3 - l. Let c be r(6). Calculate the greatest common divisor of c and 16.
16
Let m be -1*(-2*16 - -2). Suppose 2*v - m = -3*v. Let k(p) = p**3 + 16*p**2 - 17*p + 12. Let t be k(-17). Calculate the greatest common divisor of t and v.
6
Let d be 2/(-3) - 44/(-12). Suppose -3*v + 8 = -5*a, d*v - a - 5 = -v. Let t be (v*2)/(0 + 2). What is the highest common factor of 9 and t?
1
Suppose 28 = 2*l - 5*g, 5*l - 5 = 5*g + 80. Calculate the greatest common factor of l and 19.
19
Let a be 222/4 + 4/(-8). Suppose -3*s - 7 = -a. Calculate the highest common divisor of 40 and s.
8
Let o be 4/6 - 26/(-6). Let r = -1 + o. Suppose 3*m = -3*d - 0*m + 285, 0 = d - r*m - 115. Calculate the greatest common divisor of d and 9.
9
Let q(s) be the second derivative of -5*s**3/3 + 5*s**2/2 - s. Let l be q(-5). Calculate the highest common factor of l and 5.
5
Let y = -29 - -69. What is the highest common divisor of 8 and y?
8
Let t = -8 - -22. Suppose j - 11 = 2*v, 6 = 2*j - 5*v - 11. Calculate the greatest common factor of j and t.
7
Suppose -3*r = 2 - 8. Suppose u = -r*u + 15. Let l(w) = w**2 - 2*w - 6. Let t be l(u). What is the greatest common factor of t and 1?
1
Let n = 10 + -1. Let j be 122/(-6) - (-3)/9. Let u = -11 - j. Calculate the highest common divisor of n and u.
9
Let j be 0/(-3 + 0 - -2). Suppose -v + 5 + 19 = j. What is the greatest common factor of 12 and v?
12
Suppose 55 = 4*m + 23. What is the greatest common factor of m and 112?
8
Let s(n) = n**2 - 6*n + 3. Let v be s(6). Suppose 6 = v*y + 3. Let g = y + 11. Calculate the highest common factor of 108 and g.
12
Let c(a) = 3*a - 6. Let g be c(7). Suppose 2*r + r = g. Calculate the highest common divisor of 5 and r.
5
Let o(q) = q**3 - 10*q**2 - q - 15. Let t be o(11). Let m = t - 50. Calculate the greatest common divisor of m and 5.
5
Let t(v) = -6*v. Let a be t(-3). Let o = 44 - 8. Calculate the greatest common divisor of a and o.
18
Let h(v) = v**2 - 2*v + 2. Let n be h(-6). What is the highest common divisor of n and 10?
10
Let y(n) = 22*n**3 - 2*n**2 - 3*n + 3. Let z be y(2). Let b(r) = -r**2 - 28*r - 37. Let c be b(-26). What is the greatest common factor of c and z?
15
Let a(r) = r + 1. Let f(z) = -z**2 + 17*z - 2. Let k(u) = -5*a(u) + f(u). Let o be k(11). What is the greatest common factor of 4 and o?
4
Let k = -1 - -5. Calculate the greatest common factor of k and 16.
4
Let b be 7/(63/192) + (-6)/(-9). Calculate the highest common factor of b and 2.
2
Let f(m) = 5*m**2 + 4*m + 3. Let t be f(-2). Let l = -44 + 49. Calculate the highest common divisor of l and t.
5
Let s = 4 - 2. Let h be 16/(-10) - s/5. Let t = 8 + h. What is the highest common divisor of t and 15?
3
Let j(t) = 2*t**2 + 2*t - 13. Let p be j(-4). What is the greatest common factor of 22 and p?
11
Let x = 74 - -12. Let f = -129 - -253. Suppose -f = -3*i + x. W